6
What is the hundreds digit of 16234?
2
What is the hundreds digit of 55893?
8
What is the thousands digit of 7895?
7
What is the units digit of 459?
9
What is the ten thousands digit of 18020?
1
What is the thousands digit of 2095?
2
What is the units digit of 7?
7
What is the tens digit of 103077?
7
What is the ten thousands digit of 108529?
0
What is the thousands digit of 50320?
0
What is the hundreds digit of 3884?
8
What is the tens digit of 338?
3
What is the ten thousands digit of 17592?
1
What is the ten thousands digit of 34454?
3
What is the thousands digit of 16892?
6
What is the units digit of 4181?
1
What is the thousands digit of 6695?
6
What is the thousands digit of 7813?
7
What is the thousands digit of 6045?
6
What is the units digit of 4286?
6
What is the tens digit of 123045?
4
What is the tens digit of 5437?
3
What is the hundreds digit of 36378?
3
What is the hundreds digit of 16670?
6
What is the hundreds digit of 218?
2
What is the hundreds digit of 10551?
5
What is the hundreds digit of 70356?
3
What is the tens digit of 24927?
2
What is the tens digit of 25843?
4
What is the thousands digit of 14698?
4
What is the units digit of 1677?
7
What is the ten thousands digit of 95541?
9
What is the units digit of 57760?
0
What is the thousands digit of 14349?
4
What is the tens digit of 816?
1
What is the tens digit of 22900?
0
What is the thousands digit of 103917?
3
What is the hundreds digit of 60998?
9
What is the units digit of 6933?
3
What is the units digit of 1580?
0
What is the hundreds digit of 779?
7
What is the units digit of 8929?
9
What is the units digit of 634?
4
What is the units digit of 712?
2
What is the hundreds digit of 2998?
9
What is the hundreds digit of 1840?
8
What is the hundred thousands digit of 139772?
1
What is the ten thousands digit of 59251?
5
What is the tens digit of 1782?
8
What is the units digit of 12569?
9
What is the units digit of 1093?
3
What is the tens digit of 6425?
2
What is the ten thousands digit of 15299?
1
What is the hundreds digit of 8532?
5
What is the units digit of 12820?
0
What is the thousands digit of 14521?
4
What is the hundreds digit of 2108?
1
What is the hundreds digit of 731?
7
What is the units digit of 8897?
7
What is the thousands digit of 7190?
7
What is the hundreds digit of 870?
8
What is the tens digit of 674?
7
What is the tens digit of 5795?
9
What is the thousands digit of 120721?
0
What is the ten thousands digit of 18657?
1
What is the hundreds digit of 15781?
7
What is the units digit of 6808?
8
What is the units digit of 1207?
7
What is the units digit of 57514?
4
What is the hundreds digit of 45040?
0
What is the units digit of 374?
4
What is the tens digit of 27195?
9
What is the units digit of 25559?
9
What is the hundreds digit of 5472?
4
What is the tens digit of 7991?
9
What is the tens digit of 3061?
6
What is the tens digit of 11?
1
What is the ten thousands digit of 29910?
2
What is the thousands digit of 19106?
9
What is the thousands digit of 7464?
7
What is the units digit of 4005?
5
What is the tens digit of 8446?
4
What is the units digit of 42?
2
What is the tens digit of 4849?
4
What is the ten thousands digit of 26806?
2
What is the thousands digit of 7469?
7
What is the tens digit of 2418?
1
What is the thousands digit of 7677?
7
What is the hundreds digit of 117?
1
What is the hundreds digit of 11486?
4
What is the thousands digit of 26214?
6
What is the units digit of 1227?
7
What is the tens digit of 77573?
7
What is the hundreds digit of 4066?
0
What is the units digit of 5463?
3
What is the thousands digit of 125594?
5
What is the units digit of 956?
6
What is the thousands digit of 15445?
5
What is the tens digit of 36208?
0
What is the tens digit of 409?
0
What is the thousands digit of 3079?
3
What is the ten thousands digit of 10671?
1
What is the tens digit of 32711?
1
What is the units digit of 1112?
2
What is the hundreds digit of 969?
9
What is the tens digit of 11753?
5
What is the ten thousands digit of 36207?
3
What is the tens digit of 2757?
5
What is the units digit of 8060?
0
What is the thousands digit of 33822?
3
What is the units digit of 78316?
6
What is the hundreds digit of 7881?
8
What is the units digit of 6953?
3
What is the ten thousands digit of 62312?
6
What is the units digit of 32802?
2
What is the tens digit of 43113?
1
What is the hundreds digit of 3332?
3
What is the tens digit of 12122?
2
What is the thousands digit of 1850?
1
What is the units digit of 18021?
1
What is the units digit of 858?
8
What is the hundreds digit of 39055?
0
What is the units digit of 7885?
5
What is the units digit of 63554?
4
What is the units digit of 22777?
7
What is the tens digit of 4004?
0
What is the tens digit of 5254?
5
What is the units digit of 46217?
7
What is the units digit of 2274?
4
What is the hundreds digit of 234?
2
What is the hundreds digit of 26384?
3
What is the tens digit of 43163?
6
What is the units digit of 38802?
2
What is the thousands digit of 1375?
1
What is the hundreds digit of 49402?
4
What is the tens digit of 4091?
9
What is the units digit of 4404?
4
What is the tens digit of 65826?
2
What is the units digit of 50?
0
What is the units digit of 46299?
9
What is the thousands digit of 7558?
7
What is the units digit of 1666?
6
What is the hundreds digit of 35080?
0
What is the units digit of 5487?
7
What is the hundreds digit of 5396?
3
What is the units digit of 959?
9
What is the hundreds digit of 4791?
7
What is the hundreds digit of 7710?
7
What is the units digit of 3036?
6
What is the ten thousands digit of 47323?
4
What is the hundreds digit of 743?
7
What is the tens digit of 2224?
2
What is the units digit of 42?
2
What is the thousands digit of 36294?
6
What is the hundreds digit of 63415?
4
What is the hundreds digit of 11037?
0
What is the tens digit of 1857?
5
What is the tens digit of 46?
4
What is the hundreds digit of 776?
7
What is the hundreds digit of 13205?
2
What is the hundreds digit of 8673?
6
What is the units digit of 104?
4
What is the hundreds digit of 1130?
1
What is the units digit of 273?
3
What is the tens digit of 801?
0
What is the hundreds digit of 18663?
6
What is the units digit of 10197?
7
What is the hundreds digit of 9222?
2
What is the hundreds digit of 683?
6
What is the thousands digit of 22222?
2
What is the tens digit of 1066?
6
What is the units digit of 66141?
1
What is the units digit of 1629?
9
What is the units digit of 119380?
0
What is the hundreds digit of 662?
6
What is the thousands digit of 7628?
7
What is the units digit of 23?
3
What is the units digit of 84?
4
What is the tens digit of 104355?
5
What is the hundreds digit of 655?
6
What is the hundreds digit of 610?
6
What is the ten thousands digit of 38095?
3
What is the units digit of 70801?
1
What is the units digit of 26352?
2
What is the hundreds digit of 1932?
9
What is the tens digit of 37?
3
What is the hundreds digit of 249?
2
What is the units digit of 1863?
3
What is the hundreds digit of 4845?
8
What is the tens digit of 1039?
3
What is the tens digit of 416?
1
What is the tens digit of 1218?
1
What is the hundreds digit of 157?
1
What is the thousands digit of 1633?
1
What is the hundreds digit of 1174?
1
What is the thousands digit of 43345?
3
What is the thousands digit of 93719?
3
What is the hundreds digit of 13632?
6
What is the tens digit of 12055?
5
What is the tens digit of 5731?
3
What is the thousands digit of 4733?
4
What is the units digit of 2438?
8
What is the units digit of 235?
5
What is the thousands digit of 15197?
5
What is the tens digit of 1322?
2
What is the thousands digit of 63526?
3
What is the units digit of 11273?
3
What is the tens digit of 77943?
4
What is the hundreds digit of 672?
6
What is the hundreds digit of 19954?
9
What is the hundreds digit of 4738?
7
What is the hundreds digit of 1504?
5
What is the tens digit of 91824?
2
What is the hundreds digit of 5883?
8
What is the hundreds digit of 25381?
3
What is the thousands digit of 1275?
1
What is the hundreds digit of 127641?
6
What is the units digit of 3133?
3
What is the ten thousands digit of 53111?
5
What is the tens digit of 4389?
8
What is the tens digit of 3822